divided by 144150.
1374
What is the remainder when 423143 is divided by 99?
17
What is the remainder when 3282645 is divided by 547103?
27
Calculate the remainder when 28022736 is divided by 9340908.
12
Calculate the remainder when 3208548 is divided by 80.
68
What is the remainder when 416810452 is divided by 167?
162
Calculate the remainder when 926273 is divided by 2351.
2330
What is the remainder when 3114537 is divided by 778534?
401
Calculate the remainder when 242187 is divided by 34574.
169
What is the remainder when 1877043 is divided by 104278?
39
Calculate the remainder when 3250498516 is divided by 3461.
3458
What is the remainder when 2653600 is divided by 2770?
2710
Calculate the remainder when 1426586 is divided by 22644.
14
Calculate the remainder when 416182 is divided by 37826.
96
Calculate the remainder when 470787 is divided by 84.
51
What is the remainder when 6326889 is divided by 3197?
26
What is the remainder when 15170 is divided by 1389?
1280
What is the remainder when 276493272 is divided by 2169?
2166
What is the remainder when 22617076 is divided by 1532?
160
Calculate the remainder when 394537 is divided by 131505.
22
Calculate the remainder when 10596 is divided by 717.
558
Calculate the remainder when 3634193 is divided by 386.
3
What is the remainder when 1025300870 is divided by 1281?
1280
Calculate the remainder when 44902010 is divided by 11.
10
What is the remainder when 128971 is divided by 42962?
85
What is the remainder when 57142 is divided by 7012?
1046
Calculate the remainder when 230935875 is divided by 2092.
2087
What is the remainder when 4350275 is divided by 1047?
1037
What is the remainder when 365257202 is divided by 2668?
2666
What is the remainder when 12166446 is divided by 1969?
1964
What is the remainder when 55973466 is divided by 855?
36
Calculate the remainder when 6397043 is divided by 51589.
7
Calculate the remainder when 1366932 is divided by 2522.
8
What is the remainder when 1307764 is divided by 653870?
24
Calculate the remainder when 4520338 is divided by 14.
4
Calculate the remainder when 129285 is divided by 25718.
695
Calculate the remainder when 137285511 is divided by 52.
51
Calculate the remainder when 75937 is divided by 730.
17
Calculate the remainder when 59074554 is divided by 6331.
6324
What is the remainder when 1125851 is divided by 2212?
2155
What is the remainder when 367878 is divided by 11866?
32
Calculate the remainder when 3407546 is divided by 15.
11
What is the remainder when 2166527 is divided by 30?
17
What is the remainder when 18302939 is divided by 7?
4
Calculate the remainder when 35155 is divided by 2447.
897
Calculate the remainder when 580931 is divided by 4801.
10
Calculate the remainder when 1726739 is divided by 323.
304
Calculate the remainder when 10373579 is divided by 8233.
8232
What is the remainder when 40422 is divided by 3367?
18
What is the remainder when 190832 is divided by 1272?
32
What is the remainder when 296181 is divided by 1712?
5
Calculate the remainder when 5866329 is divided by 27.
12
What is the remainder when 514270 is divided by 6851?
445
What is the remainder when 462333 is divided by 2313?
2046
What is the remainder when 6732509 is divided by 15336?
5
What is the remainder when 7833 is divided by 434?
21
Calculate the remainder when 2906673 is divided by 2906613.
60
Calculate the remainder when 9798820 is divided by 2678.
18
Calculate the remainder when 1246516 is divided by 1308.
1300
What is the remainder when 240956 is divided by 30084?
284
What is the remainder when 17645 is divided by 13650?
3995
Calculate the remainder when 3391 is divided by 1147.
1097
What is the remainder when 4061327 is divided by 7150?
127
Calculate the remainder when 5441957 is divided by 175.
157
What is the remainder when 2697283 is divided by 1059?
10
Calculate the remainder when 977526 is divided by 244379.
10
What is the remainder when 33655875 is divided by 135?
105
Calculate the remainder when 174916 is divided by 2214.
10
What is the remainder when 3713322 is divided by 3713302?
20
What is the remainder when 12689 is divided by 2222?
1579
What is the remainder when 17247 is divided by 1274?
685
Calculate the remainder when 494327 is divided by 3228.
443
Calculate the remainder when 83409778 is divided by 1399.
1398
Calculate the remainder when 5411213 is divided by 27467.
214
What is the remainder when 6062890 is divided by 15?
10
What is the remainder when 509837 is divided by 2733?
1499
What is the remainder when 85108679 is divided by 24?
23
Calculate the remainder when 51320 is divided by 11452.
5512
Calculate the remainder when 4381771 is divided by 1460586.
13
Calculate the remainder when 130040635 is divided by 716.
715
What is the remainder when 111000 is divided by 1?
0
Calculate the remainder when 14382701 is divided by 4975.
4951
Calculate the remainder when 3822885 is divided by 812.
801
What is the remainder when 22150 is divided by 136?
118
Calculate the remainder when 402900 is divided by 241.
189
Calculate the remainder when 28858870 is divided by 114.
112
Calculate the remainder when 368028 is divided by 45977.
212
What is the remainder when 96015 is divided by 3429?
3
Calculate the remainder when 93562 is divided by 93553.
9
What is the remainder when 3317118 is divided by 310?
118
Calculate the remainder when 26801 is divided by 924.
5
What is the remainder when 95757 is divided by 31808?
333
Calculate the remainder when 46857315 is divided by 3123821.
0
What is the remainder when 23892499 is divided by 2304?
19
Calculate the remainder when 294775 is divided by 98070.
565
What is the remainder when 18011099 is divided by 713?
6
Calculate the remainder when 99874744 is divided by 31.
29
Calculate the remainder when 5852090 is divided by 19905.
20
Calculate the remainder when 6459549 is divided by 157549.
40
What is the remainder when 770823 is divided by 29?
3
What is the remainder when 238427 is divided by 10365?
32
What is the remainder when 151343 is divided by 74004?
3335
Calculate the remainder when 24579899 is divided by 225.
224
Calculate the remainder when 1675941 is divided by 4419.
1140
Calculate the remainder when 2952123 is divided by 239.
234
What is the remainder when 554258 is divided by 39584?
82
What is the remainder when 40108515 is divided by 116?
7
What is the remainder when 87443 is divided by 11?
4
What is the remainder when 964823 is divided by 11642?
10179
What is the remainder when 6565094 is divided by 20137?
432
What is the remainder when 81123 is divided by 523?
58
Calculate the remainder when 170893 is divided by 4880.
93
Calculate the remainder when 844635521 is divided by 1198.
1195
Calculate the remainder when 128992 is divided by 47.
24
Calculate the remainder when 12725726 is divided by 2861.
2859
What is the remainder when 214065 is divided by 3101?
96
What is the remainder when 14963 is divided by 679?
25
Calculate the remainder when 19997599 is divided by 20.
19
Calculate the remainder when 22625613 is divided by 104.
101
What is the remainder when 255867 is divided by 3?
0
Calculate the remainder when 115817 is divided by 4728.
2345
What is the remainder when 35989 is divided by 382?
81
Calculate the remainder when 2269547 is divided by 93.
68
Calculate the remainder when 3601504 is divided by 3815.
144
What is the remainder when 436185 is divided by 668?
649
Calculate the remainder when 78517 is divided by 36201.
6115
Calculate the remainder when 36208767 is divided by 32.
31
Calculate the remainder when 1649263 is divided by 65.
18
Calculate the remainder when 33898 is divided by 1991.
51
Calculate the remainder when 8057489 is divided by 915.
914
What is the remainder when 190361 is divided by 72?
65
What is the remainder when 4242551 is divided by 1463?
1314
What is the remainder when 1441017 is divided by 2313?
18
What is the remainder when 35457 is divided by 74?
11
What is the remainder when 6457981 is divided by 57?
52
What is the remainder when 3043161 is divided by 209?
121
Calculate the remainder when 3403962 is divided by 1856.
58
Calculate the remainder when 872758 is divided by 292.
262
What is the remainder when 13991 is divided by 999?
5
What is the remainder 